 1778. Calculate the remainder when 1523 is divided by b.
126
Let q(c) = -c**3 + 2*c**2 + 4*c. Let o be q(-2). Suppose -5*i - o = -23. Suppose i*z - 8*z = -355. What is the remainder when z is divided by 18?
17
Suppose -8*q = -7*q. Let l = 134 - 133. Calculate the remainder when 3 - (-22 + q)/l is divided by 13.
12
Let f = 931 - 898. Suppose -30*d = -f*d + 93. Calculate the remainder when 175 is divided by d.
20
Suppose 51 + 129 = -10*x. What is the remainder when (-4)/x + (-34972)/(-252) is divided by 67?
5
Suppose -4 - 15 = -l. Let m be (-2)/1 + -4 + -3. Let g = m + l. What is the remainder when 21 is divided by g?
1
Let b = 45 + -27. Suppose 0 = 5*m - 13*m + 128. Calculate the remainder when b is divided by ((-63)/(-56) - 1) + 62/m.
2
Suppose -4*r + 4 = -8. Suppose 15 = z + r. Calculate the remainder when 139/3 - -1 - 70/210 is divided by z.
11
Let w(z) = -10*z**2 + z - 1. Let a be w(2). Let l = 43 + a. Suppose -x + l = 3*j + 1, -j - 9 = -3*x. What is the remainder when 36 is divided by x?
0
Let t = 1476 + -1468. Calculate the remainder when 7/(-35) - (-316)/5 is divided by t.
7
Suppose 0 = -5*i - b + 66, -15*i = -19*i + 4*b + 72. Calculate the remainder when i is divided by 10.
4
Let k be ((-2)/(-2))/2*-24. Let h = -1028 + 1005. Let a = k - h. Calculate the remainder when 31 is divided by a.
9
Suppose 0 = 1286*o - 1304*o + 666. Calculate the remainder when 512 is divided by o.
31
Let v = 2725 - 2048. What is the remainder when v is divided by 6?
5
Let k = -183 + 182. What is the remainder when (205/15)/(-3*k/9) is divided by 11?
8
Suppose -358*k - 301 = -365*k. Suppose k*z - 4779 = 16*z. What is the remainder when z is divided by 34?
7
Let p = 51 - 41. Calculate the remainder when 842/p + -11 + 236/20 is divided by 29.
27
Suppose 36*b + i - 33 = 34*b, -4*b + 71 = -3*i. Calculate the remainder when 5998 is divided by b.
14
Suppose -3*y + 3634 = h, -2*y = -52*h + 57*h - 2414. Calculate the remainder when y is divided by 54.
24
Suppose 0 = -93*n - 315854 + 813032. Calculate the remainder when n is divided by 107.
103
Suppose f + 3*b + 2*b - 91 = 0, 5*f - 397 = 4*b. Let c(n) = n**3 - 2*n**2 - 2*n + 4. Calculate the remainder when f is divided by c(3).
4
Suppose 414*o = 421*o - 8988. Suppose 0 = -3*k + 4*r + 1298, r = 3*k + 4*r - o. Calculate the remainder when k is divided by 27.
25
Suppose -203*b + 1540 = -168*b. Calculate the remainder when 149 is divided by b.
17
Suppose 2*r + 24 = -u + 31, 0 = -4*u - 5*r + 25. Calculate the remainder when 134 is divided by u.
4
What is the remainder when (-4)/(-5)*(-6 - (40/(-4) + -81)) is divided by 58?
10
Let r(n) = -n + 52. Suppose 4*o = -53 + 453. Suppose -17*d = -27*d - o. What is the remainder when r(d) is divided by 32?
30
Let f = 3618 - 3589. What is the remainder when 10555 is divided by f?
28
Let u = 328 - 669. Let n = u - -354. What is the remainder when n is divided by 11?
2
Let p = 4005 + -3669. Calculate the remainder when p is divided by 152.
32
Let m(w) = 242*w**2 - 405*w - 1213. What is the remainder when m(-3) is divided by 7?
3
Let t = 9822 - 8792. Calculate the remainder when t is divided by 43.
41
Let d = 440 - -778. Calculate the remainder when d is divided by 20.
18
Let p(b) be the first derivative of -b**4/4 + 10*b**3/3 + 2*b**2 - 42*b - 29. Calculate the remainder when p(7) is divided by 24.
13
Let x be (-3)/1 + 18/3. Suppose -2*i = -7 + x. Suppose -21 = -2*j - 5*h + i*h, -2*j - 5*h + 27 = 0. Calculate the remainder when 28 is divided by j.
4
Let p(o) = -o + 32. Suppose -3*h = -2*h - 2*x - 6, 2*h + 5*x + 15 = 0. What is the remainder when (0 + -42)*3/(-2) is divided by p(h)?
31
Let n = -3733 - -4518. Calculate the remainder when n is divided by 99.
92
Suppose -27*b + 24*b = -15. Suppose b*k + 0*k = 15. Suppose 0 = 3*l - 18 + 9. What is the remainder when k is divided by l?
0
Let c = -3730 - -3738. Calculate the remainder when 938 is divided by c.
2
Let c be 109 + 1*(-3 - 1). Let i = 174 - c. Suppose b + 3*u = 4*u + i, 5*b = 2*u + 339. What is the remainder when b is divided by 23?
21
Let d(l) = 7*l - 2. Let v(r) = -14*r + 5. Let j(q) = -5*d(q) - 3*v(q). Calculate the remainder when j(8) is divided by (-942)/(-54) - 185/(-333).
15
Let t be 17/119 + 2 + (-3275)/(-7). Suppose 4*q = -q + t. Calculate the remainder when 188 is divided by q.
0
Let b(f) = 5*f + 69 + 28 - 15*f. Calculate the remainder when 181 is divided by b(6).
33
Let q = 25 + -15. What is the remainder when 154/(-11)*(6/(-4) + -3) is divided by q?
3
Suppose 4*d - z - 632 = 3*z, d - 3*z = 150. Suppose -114 = -79*u + 116 + 639. Calculate the remainder when d is divided by u.
8
Suppose 11*m - 7 = 15. Suppose -4*y + 212 = -4*o, -o + m = o. Calculate the remainder when y is divided by 16.
6
Let y(g) = -2*g**2 + 3*g**2 - 4*g + 2*g**2 - 2167 + 2171. What is the remainder when 93 is divided by y(4)?
21
Let k = 24 - -29. Let c = 1492 + -1472. Calculate the remainder when k is divided by c.
13
Let l = -5636 - -6130. Calculate the remainder when l is divided by 167.
160
Suppose 13*x = 3*x + 750. Suppose -24*n = -9*n - x. Suppose t + t - 4*j = 10, 5*j - n = -t. Calculate the remainder when t is divided by 4.
1
Calculate the remainder when ((-93)/62)/((-3)/1164) is divided by 146.
144
Suppose -64 = -5*b + q, -3*q + 55 = 2*b + 2*b. Let n(k) = -6*k + 128. What is the remainder when 175 is divided by n(b)?
25
Let a be ((-4)/1 + 5)*-5 + 5. Suppose 4*y - 3 = -f - 10, -2*f + y + 13 = a. Calculate the remainder when 22 is divided by f.
2
Suppose g - 625 = -4*d - 39, -719 = -5*d + g. What is the remainder when 2754 is divided by d?
144
Let s(u) = 11*u + 134. Let f be s(-12). Suppose -3*b = -5*p - 40, p + 1 - 45 = -f*b. What is the remainder when 197 is divided by b?
17
Let u = -205 + 249. Let j = 5 + 3. What is the remainder when u is divided by j?
4
Let k(n) = -118*n - 5736. Calculate the remainder when 863 is divided by k(-49).
35
Let t = 6 + -21. What is the remainder when (-9)/t - ((-1947)/5 - -5) is divided by 43?
41
Suppose 9*a - 11 - 16 = 0. Suppose a*b - 191 = n - 3*n, n + 301 = 5*b. Calculate the remainder when b is divided by 32.
29
Suppose -5*u + h = -748, 3*h = -51*u + 52*u - 144. Calculate the remainder when u is divided by 26.
20
Let n(a) = 3*a**2 + a + 26. Calculate the remainder when 185 is divided by n(3).
17
Let d(a) = -a**3 - 6*a**2 + 5*a - 10. Suppose 14 = o - 3*o. Let p = 39545 + -39535. What is the remainder when p is divided by d(o)?
2
Suppose 3*i - w = 28401, 33*i + 56739 = 39*i + 5*w. What is the remainder when i is divided by 148?
140
Let g = -563 - -36. Let z = g - -628. What is the remainder when 307 is divided by z?
4
What is the remainder when 2643 is divided by -7 + -7 + 1 + 36?
21
Let r(x) = 4*x**2 - 107*x + 572. Calculate the remainder when r(44) is divided by 1201.
5
Let t = 4 - -3. Suppose 7*j + 1822 + 1517 = 0. Let z = -450 - j. What is the remainder when z is divided by t?
6
Suppose 2*g - 1310 = 2*j - 262, 3*j = -g + 536. Calculate the remainder when g is divided by 45.
32
Suppose -5*d = -6*d + 5. Suppose d*z + 3*j - 138 = 0, z - 7 = -4*j + 24. Calculate the remainder when z is divided by 16.
11
What is the remainder when (13578/(-803))/(2/(-22)) is divided by 70?
46
Let v = 18816 + -18780. Calculate the remainder when 934 is divided by v.
34
Let f(r) = 204*r + 25 - 7 - 2 - 30*r**2 + 3*r**3 - 2*r**3. What is the remainder when f(20) is divided by 53?
43
Let w be (-16)/(-30)*-3*(-10)/4. Suppose -5*b = w*m - 36, m = -2*b - 2*m + 20. What is the remainder when 25 is divided by ((b - 9) + 2)*-3?
7
Suppose -4*d - 3036 = -4*a, -59*a + 62*a = -4*d - 3001. What is the remainder when -6*(d/4)/13 is divided by 9*(0 + 2) + 0?
15
Let q be (-9)/(-12) + (-45)/(-20). Suppose -3*c = -4*s - 17 + 160, 2*c + 107 = q*s. What is the remainder when 62 is divided by s?
27
Let n = -320 - -322. Suppose -n*c - 49 + 59 = 0. Calculate the remainder when 40 is divided by c.
0
Let l = 36136 + -36039. Calculate the remainder when 15420 is divided by l.
94
What is the remainder when 789 is divided by ((-55)/220)/((-2)/960)?
69
Let u = 6959 + -6812. What is the remainder when u is divided by 17?
11
Suppose 3*t - 251 = -v, 5*t + 2*v - 189 = 231. Suppose -91 + 14 = -3*h + 4*a, -3*h = -5*a - t. What is the remainder when 54 - 1*(-2 + 